4 = -h, -190 = 5*u + 2*n. Let x = u - -116. Calculate the greatest common factor of x and 10.
10
Let z(f) = -f**3 - 3*f**2 + 19*f + 129. Let k be z(-5). What is the greatest common divisor of k and 576?
12
Let b(p) = -558*p - 384. Let d be b(-3). Calculate the greatest common divisor of d and 160.
10
Let u(a) = 488*a + 13624. Let s be u(-27). Calculate the greatest common factor of 168 and s.
56
Let d be (-124 - -48)/(-4*2/716). What is the greatest common factor of d and 38?
38
Let a be (780/416)/((-3)/(-168)). Calculate the greatest common factor of a and 3129.
21
Let n = -144 - -235. Let p = 120 - n. Let y = p - 15. Calculate the greatest common divisor of 14 and y.
14
Let m = 61 + -61. Let s(r) = r**3 - r**2 + r + 49. Let a be s(m). Let d = a + -19. Calculate the greatest common divisor of d and 12.
6
Let n = -4630 - -4700. What is the greatest common divisor of n and 230?
10
Suppose 0 = 3*f - 9 - 6. Suppose 5*p + 5*u + 5 = 765, 3*p - 472 = f*u. Calculate the highest common divisor of 7 and p.
7
Suppose 0 = 3*m - 3*x - 21, x = -3*m - 2*m + 65. Suppose z = p - 4*z + m, 5*p + 2*z - 48 = 0. What is the highest common factor of p and 20?
4
Suppose -11*j - 8294 = -59015. Suppose -j - 1716 = -37*m. Calculate the highest common divisor of m and 9.
9
Suppose 6 + 99 = 3*x. Let b = -289 - -290. Suppose b = r - 4. Calculate the highest common divisor of x and r.
5
Let z be 6 - (1 + (-2 - 2)). Let f = z + -6. Calculate the greatest common factor of f and 39.
3
Let p be 699200/2990 + (-2)/(-13). What is the greatest common divisor of p and 1092?
78
Let p(i) be the second derivative of -49*i**3/6 + i. Let g be p(-1). Suppose 28352 = 15338*q - 79014. What is the greatest common divisor of g and q?
7
Suppose -3*k + 23 = 8. Suppose -2*t + 5*m + 30 = -t, 210 = k*t + 5*m. Let n be -3 + (-18)/(-4) - 130/(-20). Calculate the highest common divisor of t and n.
8
Let v = 14 - -20. Suppose 0 = 5*s + 4*n - 6*n - 164, 3*n + 93 = 3*s. Calculate the greatest common factor of s and v.
34
Suppose -73020 - 32282 + 17174 = -34*m. Calculate the highest common factor of m and 405.
81
Let k be (-451 - -1)*285/(-57). What is the highest common divisor of 36 and k?
18
Let l(w) = -w**2 - 8*w - 5. Suppose 3*t = 3, 4*t + 31 = -0*k - 5*k. Let z be l(k). Let n = 1 + 1. What is the highest common factor of z and n?
2
Let k be -5*(-16)/20 - 39. Let z = k - -125. Calculate the greatest common factor of 10 and z.
10
Let l = -379 + 631. Let z = -44 + l. Let o = z + -144. What is the greatest common divisor of o and 96?
32
Let s be (-16)/28 - 140/98 - -2161. What is the greatest common divisor of 127 and s?
127
Suppose 8*x + 7 = x. Let k be (17 + -37)*x/4. Let o be ((-14)/k)/((-24)/240). Calculate the greatest common divisor of 14 and o.
14
Let w(a) = 47*a + 2092. Let v be w(-38). What is the greatest common factor of 1632 and v?
102
Suppose 0 = -5*w + 44 + 16. Suppose -4*t + 3*f = -1212, t = -0*t + f + 304. Let k = -276 + t. What is the highest common factor of k and w?
12
Let h be (-64)/(-6)*(145/(-174))/((-30)/27). What is the greatest common factor of 3872 and h?
8
Suppose -46159 - 45191 = -79*n - 124*n. What is the highest common divisor of n and 1305?
45
Let h be 3/15 - (-268)/10. Suppose -4*b = 2*i + 300, -5*i + 11 = 21. Let p = b - -77. What is the highest common divisor of p and h?
3
Let s be 47/(-282) + (-169)/(-6). Suppose 3*m + 4*o - 276 = 0, s*m = 25*m - 3*o + 276. What is the greatest common divisor of 253 and m?
23
Let g = -8741 + 8853. What is the highest common factor of g and 1036?
28
Let g(u) = 16*u**2 + 2*u - 2. Let b be g(-3). Let y(r) = -r + 93. Let t be y(-9). What is the greatest common divisor of t and b?
34
Let x(d) = -15*d - 60. Let v be x(-7). Let b be -161*(v/(-35) - -1). Let g be 4/(-10) + (-117)/(-5). Calculate the greatest common factor of g and b.
23
Let d = 466 - 550. Let u be (-8)/d + 2508/126. What is the highest common divisor of u and 35?
5
Suppose 6*w + 8*w = 57*w - 36765. Calculate the greatest common divisor of w and 551.
19
Let j(k) = 2*k**3 - 16*k**2 - 250*k - 78. Let i be j(25). Calculate the highest common divisor of 36 and i.
18
Let f(m) = -3*m + 90. Let a(q) = 16*q + 171. Let j be a(-10). Let l be f(j). What is the greatest common divisor of l and 171?
57
Let b be 3906/56 + (-3)/(-12). Let o = -34 + 38. Let t = 10 + o. Calculate the greatest common factor of t and b.
14
Let o(h) = 6*h + 14. Let m(z) = -3*z - 7. Let x(q) = 9*m(q) + 4*o(q). Let y be x(-11). Suppose -3*l = y - 86. Calculate the greatest common factor of l and 30.
10
Let w = -39 + 153. Suppose -3*y + w = -3*x, 2 - 8 = -3*x. What is the greatest common divisor of 16 and y?
8
Suppose -7*l + 11*l - 647 = -f, 0 = l - 4*f - 149. What is the highest common factor of l and 115?
23
Let l(g) = 2*g**2 + 4*g - 6. Let q be l(4). Let h be -20 + 40/4 - -72. Suppose -h*c = -11*c - 2142. What is the highest common factor of c and q?
42
Suppose 5*o = -5*s + 385, 3*o + o = 5*s + 263. What is the highest common factor of o and 80?
8
Suppose -l - 287 = 5*b, b - 2*l = 2*b + 61. Let g = b - -61. Suppose -j + 24 = -2*y, -g*j - 25 = 3*y - 77. Calculate the highest common divisor of j and 20.
4
Let f(a) = 18*a**2 + 37*a + 46. Let y be f(-4). Calculate the highest common divisor of 14 and y.
2
Let c be 2 - (-20)/(-12)*-3. Suppose 2*i + 4*h = 56, 3*h = -c*i + 4*i + 93. Let f be 17*15/10*4. Calculate the greatest common divisor of i and f.
34
Let o be 22 + (-200)/80*(2/(-10) - -1). What is the greatest common divisor of o and 448?
4
Suppose 7*k = 10*k - 42. Let u be 2/2 + 0/k. Let r be 5 + 100 - u*(4 + -1). What is the highest common factor of 34 and r?
34
Let b be (-64)/(2*(-1)/8). Let q(p) = 498*p + 7004. Let y be q(-14). What is the greatest common divisor of b and y?
32
Let j be 12*-2*(-2)/(-20)*60775/(-442). What is the highest common factor of j and 720?
30
Let g be ((-1)/(-4))/((-6)/(-24))*10. Suppose -g*w + w + 1485 = 0. Let z(n) = n**3 + 2*n**2 - 1. Let d be z(2). What is the highest common factor of w and d?
15
Suppose -330*w = -333*w + 2436. Calculate the greatest common factor of w and 28.
28
Suppose -2*v + 4*v + 8 = 4*c, -4*c = -4*v - 12. Let t be v - (28/(-4) + (1 - 5)). What is the highest common factor of 9 and t?
9
Suppose -t - 132 = -3*q, 97*q + 4*t = 94*q + 162. Let s be (-2572)/(-14) - (-4)/14. What is the highest common factor of s and q?
46
Let p be 25662/658 - ((-148)/(-14) - 6/(-14)). Suppose 4*o + 0*o + 124 = 0. Let d be o/(-4) - 1/(-4). Calculate the highest common factor of d and p.
4
Suppose -2*z = -b - 2 + 1, 0 = 3*b - 9. Suppose 0 = 34*a - 37*a + 90. Calculate the greatest common factor of z and a.
2
Let t(q) = -34*q**3 + q**2 + 168*q + 1202. Let u be t(-8). Calculate the greatest common divisor of 10 and u.
10
Let x be -2*(-3)/(-2)*(-3 + 4). Let a be 6*(-10)/18*x. Calculate the highest common divisor of 5 and a.
5
Let l be 1/((60/(-414))/(-10)). Let f = l - -246. Calculate the highest common divisor of 21 and f.
21
Let f be -6*(-22)/(-4)*-14. Let t(y) = 2*y**2 - 9*y - 15. Let v be t(12). Let n be v/4 - 45/(-60). Calculate the greatest common factor of f and n.
42
Let x be (42/7)/(-2 - -4). Suppose 5*p - 1160 = -g - g, x*p - 697 = -g. What is the highest common divisor of p and 18?
18
Let t = 130 + -125. Suppose 6*g = g + 125. Calculate the highest common divisor of t and g.
5
Let a be -7 + (-16980)/(-6) - 7. What is the highest common divisor of 16 and a?
16
Let d be (3/(-7))/((-117)/593775). Calculate the greatest common factor of d and 300.
75
Let c(p) = -21*p - 6. Let s = 13 - 9. Let k be ((-40)/50)/(s/10). Let l be c(k). What is the greatest common factor of l and 4?
4
Let j(k) = -10*k - 724. Let u be j(-74). What is the greatest common factor of u and 32?
16
Let p be (-12 + 5 - (-60)/4) + 1326. What is the highest common factor of p and 322?
46
Let n = 23036 + -22912. Let r be (-940)/6*(-18)/15. Let i be r/6 - (-5)/(-15). Calculate the highest common factor of i and n.
31
Suppose -35*z + 3574 - 1275 = 174*z. Let d be (-1)/4 + (-2115)/(-12). What is the greatest common divisor of d and z?
11
Let c be (2/4)/((-1)/2) - -1. Suppose c = v - 12 - 38. Suppose -4*h = -v + 2. Calculate the highest common factor of 108 and h.
12
Suppose -t = -3*t - 12*t. Suppose -13*h + 633 